e number?
True
Is 355609 a prime number?
True
Is 826145 composite?
True
Is 20329 a composite number?
True
Is 38546 prime?
False
Is 42979 a prime number?
True
Is 10709 a prime number?
True
Is 3046 composite?
True
Is 86111 a prime number?
True
Is 223 a composite number?
False
Is 279581 a prime number?
False
Is 561581 a prime number?
False
Is 13217 composite?
False
Is 145661 a composite number?
False
Is 36643 a composite number?
False
Is 15634 a composite number?
True
Is 21023 composite?
False
Is 41011 composite?
False
Is 4871 a composite number?
False
Is 661909 composite?
False
Is 6483 a prime number?
False
Is 6467 a composite number?
True
Is 190599 composite?
True
Is 10181 composite?
False
Is 410273 a prime number?
False
Is 1657021 a prime number?
True
Is 375623 composite?
False
Is 40897 a prime number?
True
Is 4616657 prime?
True
Is 29473 composite?
False
Is 16574 composite?
True
Is 1316087 a composite number?
True
Is 374929 a prime number?
True
Is 215519 a composite number?
True
Is 74335 prime?
False
Is 27613 a composite number?
True
Is 266797 a prime number?
True
Is 131723 composite?
True
Is 50947 a prime number?
False
Is 49523 prime?
True
Is 591913 a composite number?
True
Is 14285 a prime number?
False
Is 142657 composite?
False
Is 266549 a composite number?
False
Is 10487 a composite number?
False
Is 602341 a prime number?
True
Is 62921 prime?
True
Is 844279 composite?
False
Is 36433 a prime number?
True
Is 2081 composite?
False
Is 1851889 a prime number?
False
Is 84827 prime?
True
Is 225679 prime?
False
Is 502449 a prime number?
False
Is 755993 a composite number?
True
Is 11217 a composite number?
True
Is 1261969 prime?
True
Is 71047 a composite number?
True
Is 190721 composite?
True
Is 75687 a composite number?
True
Is 17231 a composite number?
False
Is 136691 prime?
True
Is 164491 composite?
True
Is 16669 a prime number?
False
Is 3389 prime?
True
Is 163403 composite?
False
Is 155767 a composite number?
True
Is 3983 a prime number?
False
Is 3631 prime?
True
Is 100735 prime?
False
Is 1949 a prime number?
True
Is 168661 composite?
True
Is 8143 prime?
False
Is 14939 prime?
True
Is 32957 a composite number?
False
Is 181739 prime?
True
Is 812101 composite?
False
Is 1753957 composite?
True
Is 15511 a prime number?
True
Is 718 a prime number?
False
Is 1052889 composite?
True
Is 158867 a composite number?
False
Is 529394 a composite number?
True
Is 1657411 a composite number?
True
Is 2680037 composite?
True
Is 34973 a composite number?
True
Is 26921 a composite number?
False
Is 170099 a prime number?
True
Is 408563 composite?
False
Is 3091 a prime number?
False
Is 4547 a prime number?
True
Is 22343 prime?
True
Is 1407731 composite?
True
Is 25793 a prime number?
True
Is 1969 a prime number?
False
Is 47503 composite?
True
Is 17539 composite?
False
Is 83177 a composite number?
False
Is 10843 composite?
True
Is 362281 prime?
True
Is 390919 a prime number?
False
Is 3287 a composite number?
True
Is 71303 composite?
True
Is 1246013 a composite number?
False
Is 130481 a composite number?
True
Is 2660786 a prime number?
False
Is 7402 a prime number?
False
Is 114263 composite?
True
Is 5981 prime?
True
Is 22169 composite?
True
Is 77299 a composite number?
True
Is 18637 composite?
False
Is 636923 prime?
False
Is 18037 a prime number?
False
Is 19531 composite?
False
Is 115523 prime?
True
Is 113 prime?
True
Is 1099927 prime?
True
Is 96979 prime?
True
Is 2599973 a prime number?
True
Is 19777 a prime number?
True
Is 83969 composite?
False
Is 2611 a composite number?
True
Is 5894209 prime?
True
Is 12967 composite?
False
Is 357767 prime?
True
Is 1679 prime?
False
Is 253 composite?
True
Is 165361 a composite number?
True
Is 144023 a prime number?
False
Is 300745 prime?
False
Is 968857 composite?
False
Is 13714 a prime number?
False
Is 9151 composite?
False
Is 125767 prime?
False
Is 1087307 a composite number?
True
Is 1652081 prime?
True
Is 55579 composite?
False
Is 2739893 a composite number?
True
Is 15641 composite?
False
Is 321397 a composite number?
False
Is 18839 prime?
True
Is 15889 a prime number?
True
Is 5597 composite?
True
Is 26141 a prime number?
True
Is 917 a composite number?
True
Is 9661 a composite number?
False
Is 3022 a prime number?
False
Is 347411 a composite number?
False
Is 731 a prime number?
False
Is 109561 a composite number?
True
Is 44461 prime?
False
Is 493 a composite number?
True
Is 222895 a composite number?
True
Is 821 a composite number?
False
Is 147713 a prime number?
False
Is 9311 prime?
True
Is 213069 a prime number?
False
Is 8933 a composite number?
False
Is 1061557 a prime number?
False
Is 141761 composite?
False
Is 346639 prime?
True
Is 218191 a composite number?
False
Is 58787 composite?
False
Is 1424861 prime?
False
Is 15893 composite?
True
Is 238253 a composite number?
True
Is 881737 composite?
True
Is 7529 composite?
False
Is 17509 composite?
False
Is 59863 composite?
False
Is 60569 prime?
False
Is 4195 prime?
False
Is 59333 composite?
False
Is 23093 a prime number?
False
Is 321355 a composite number?
True
Is 92893 a composite number?
False
Is 58937 prime?
True
Is 204643 a prime number?
False
Is 210529 composite?
True
Is 862 composite?
True
Is 12014 composite?
True
Is 387839 prime?
True
Is 13063 prime?
True
Is 52963 composite?
False
Is 582851 a prime number?
True
Is 551695 a prime number?
False
Is 45361 a prime number?
True
Is 26063 a composite number?
True
Is 1069 composite?
False
Is 247579 prime?
True
Is 140263 a prime number?
True
Is 98121 a composite number?
True
Is 5959853 prime?
True
Is 160249 composite?
True
Is 46601 a prime number?
True
Is 291503 a composite number?
False
Is 7621 a composite number?
False
Is 7022 a prime number?
False
Is 394331 a prime number?
False
Is 55795 a composite number?
True
Is 55487 a composite number?
False
Is 13645 prime?
False
Is 139489 composite?
True
Is 576437 a prime number?
False
Is 9733 a prime number?
True
Is 66721 composite?
False
Is 291719 prime?
False
Is 23531 composite?
False
Is 83207 composite?
False
Is 22739 a composite number?
False
Is 397 a composite number?
False
Is 618782 a prime number?
False
Is 1537 a prime number?
False
Is 32437 a composite number?
True
Is 13591 a composite number?
False
Is 446041 a composite number?
False
Is 15121 a prime number?
True
Is 43261 a composite number?
False
Is 569174 prime?
False
Is 5702 composite?
True
Is 100913 composite?
False
Is 223999 composite?
False
Is 11769 a prime number?
False
Is 479191 composite?
False
Is 44521 prime?
False
Is 24083 composite?
False
Is 4691 prime?
True
Is 2897 a composite number?
False
Is 120749 a prime number?
True
Is 513277 prime?
True
Is 1327829 a composite number?
True
Is 3263 composite?
True
Is 52333 a composite number?
True
Is 31013 composite?
False
Is 87983 a prime number?
False
Is 114265 composite?
True
Is 381226 composite?
True
Is 6299 a composite number?
False
Is 4583 a prime number?
True
Is 336891 a prime number?
False
Is 11239 composite?
False
Is 746 composite?
True
Is 1076717 composite?
False
Is 10577 prime?
False
Is 12781 prime?
True
Is 102155 prime?
False
Is 58791 a prime number?
False
Is 13577 composite?
False
Is 23369 prime?
True
Is 27091 composite?
False
Is 254651 a prime number?
False
Is 148817 a composite number?
False
Is 116671 prime?
False
Is 1931 composite?
False
Is 57257 a composite number?
True
Is 575117 a composite number?
True
Is 53471 a composite number?
True
Is 22921 a composite number?
False
Is 6738767 composite?
True
Is 5923 prime?
True
Is 24559 prime?
False
Is 1475899 a composite number?
False
Is 8809 a prime number?
False
Is 24789 prime?
False
Is 1711 a composite number?
True
Is 205759 a prime number?
True
Is 736613 prime?
False
Is 557 prime?
True
Is 53201 prime?
True
Is 9029 a composite number?
False
Is 323 a composite number?
True
Is 123 prime?
False
Is 20663 prime?
True
Is 34559 a prime number?
False
Is 5311 composite?
True
Is 251329 a composite number?
True
Is 34807 a prime number?
True
Is 28383 a composite number?
True
Is 17123 a composite number?
False
Is 450113 a composite number?
False
Is 5687135 prime?
False
Is 88771 a composite number?
False
Is 14213 prime?
False
Is 7607 a prime number?
True
Is 10999 a prime number?
False
Is 3487111 prime?
True
Is 8501 a composite 